ine p(-8).
-6
Let s(n) = -n**2 + n + 1. Let r(f) = 5*f**2 - 6*f - 5. Let a(z) = -r(z) - 4*s(z). Calculate a(-8).
-79
Let f = -2779 - -2784. Let w(d) = 6*d - 27. Determine w(f).
3
Let g(f) = 22*f + 47. Let a(n) = -n - 12. Let j(x) = 4*a(x) + g(x). What is j(-1)?
-19
Let i be ((-3)/6)/1*-4. Let o be (-5)/(-2) + (-3)/(-6). Let f(g) = -2*g + g**i - o*g - 1 + 5*g. Calculate f(-1).
0
Let c(f) = 6*f + 17. Let p be c(-3). Let b be (-35)/(-5)*(0 + p). Let j(y) = y**3 + 6*y**2 - 5*y + 7. Determine j(b).
-7
Let j(m) = m. Suppose 104*s - 110*s + 2010 = 0. Let y = s - 342. What is j(y)?
-7
Let h(v) be the second derivative of 2*v**3/3 + 47*v**2/2 - 14430*v. Determine h(-16).
-17
Let o(h) = 0*h**2 - 3*h**3 + 7*h + 0*h**3 - 6*h**2 - 3*h + 2*h**3 + 8. Give o(-6).
-16
Let y be (130/104)/(5/(-20)). Let j(c) = 41*c + 211. Calculate j(y).
6
Let l(f) = -f + 8. Let m(h) = -93*h + 472. Let d be m(5). Calculate l(d).
1
Let a(p) be the second derivative of p**4/6 + 8*p**3/3 - 2*p**2 + 108*p + 7. Determine a(0).
-4
Let j(t) be the second derivative of 7*t**3/2 + 19*t**2 - 4459*t. Calculate j(-1).
17
Let o(f) = -7*f**2 - 22*f - 2. Let u(s) = 29*s**2 + 90*s + 11. Let k(c) = 9*o(c) + 2*u(c). Calculate k(-4).
-4
Let q(m) = 2*m**2 - 9*m - 15. Let x be (3/(-5))/((-504)/5040). Calculate q(x).
3
Let s(z) = -z**3 - 34*z**2 + 42*z + 240. Let p be s(-35). Let j(b) = 2*b**2 - 6*b - 58. Calculate j(p).
22
Let b(k) = 149*k**2 + 8. Let q(x) = 119*x**2 - x + 8. Let t(o) = -4*b(o) + 5*q(o). What is t(-5)?
8
Suppose 0 = -69*l + 329 - 71 + 156. Let x(v) = -2*v**2 + 17*v - 17. What is x(l)?
13
Let k be 21/(-9) - 2/(-6). Let m = k - 0. Let h(a) = a - 5. Let d(x) = -3*x - 14. Let f(l) = -2*d(l) + 5*h(l). Determine f(m).
-19
Let d(q) = 4*q**3 + q. Let b be 4/6*36/8. Let i be (-13 - -10) + 5 + 12/6. Suppose i*f = -2*t + 18, -2*t = -2*f - b*f + 18. Calculate d(t).
5
Let a(o) = -o**2 + 4*o + 1. Suppose -4*z = -7*z + 72. Suppose 3*s - 4*s = 2*l + 47, -3*l - 68 = s. Let h = z + l. Give a(h).
4
Let i(o) = -7*o**2 - 4897 + 2450 + 2449 - 5*o + 7*o. Give i(-2).
-30
Let y(i) = i**3 - 14*i**2 + 0*i**3 - 20*i**2 - 23*i**2 + 50*i**2 + 7 - 8*i. Let f = -17 - -29. Let u = 20 - f. What is y(u)?
7
Let u = 9492 + -9489. Let s(d) be the third derivative of -3*d**4/8 - 2*d**3/3 - 2*d**2. Give s(u).
-31
Let k(f) = 3 - 5 + 1 - 4*f + 3 + 4*f**2. Suppose -8 = 9*j + 10. Let x be (j/(-6))/((-10)/15)*-4. Calculate k(x).
10
Suppose 4*v - 299 = 793. Suppose 5*j + 4*l + 3 = 0, 6*j - 4*l - 7 = 7*j. Let m(f) = 2*f - 272*f**3 + v*f**3 + j - f. What is m(0)?
1
Suppose -45*d - 2*r = -42*d + 18, 0 = -3*d - 3*r - 24. Let n(c) be the second derivative of 2*c**3/3 - c**2/2 - 4*c. Give n(d).
-9
Let m be (-2)/(-7) - (-120)/21. Let d(i) be the first derivative of i**4/4 - 4*i**3/3 - 4*i**2 + i - 3238. Calculate d(m).
25
Let u be ((-12)/36)/((-7)/(-21) + 4/(-15)). Let o(f) = f**3 + 8*f**2 + 15*f + 7. Calculate o(u).
7
Let l(n) = -n**2 - 5*n + 8. Let f be 7/((-28)/12)*-1. Suppose -r - f*t - 23 = -7*t, 3*t + 16 = -4*r. Give l(r).
-6
Let o(a) = a**3 - 6*a**2 + 5*a + 2. Let f be o(5). Let n be 104/18 - f/(-9). Let g(d) be the second derivative of d**4/12 - d**3 + 7*d**2/2 - 145*d. Give g(n).
7
Suppose x + 5 + 82 = 0. Let p be (4/10)/((-1)/(-200)). Let m = p + x. Let l(o) = -o**2 - 5*o. What is l(m)?
-14
Let k(j) be the first derivative of -51 - 1/3*j**3 - j**2 + 0*j. Determine k(-2).
0
Suppose 3*k + 30 = -2*k. Let f be 6*((0 - -2) + k/4). Let y(u) = 20*u - 21*u - 8*u**2 + 4 - f. Give y(1).
-8
Let x(p) = 5*p - 9. Let q(j) = -77*j + 161. Let d(o) = -13*o + 27. Let n(k) = 35*d(k) - 6*q(k). Let l be n(6). Let r be (-1)/((-45)/l + 2). Give x(r).
26
Let l = 18 + -12. Suppose -4*v = -4*u - 8, 4*v - 6 = l*u - u. Let s(t) = -2*t**2 - 38*t**3 + 2*t + 152*t**3 - 2 - 61*t**3 - 54*t**3. Calculate s(u).
-14
Let h(r) = -2*r**2 - 2*r - 6. Let z(b) = -3*b**2 - 4*b - 11. Let v(y) = -5*h(y) + 3*z(y). Let u = -234 + 239. Determine v(u).
12
Let y be ((-24)/(-28))/((-2)/(-112)) + -4. Let j(w) = -y - 31 + 66 - w. Give j(-5).
-4
Let s = 17 - 18. Let c(t) = 6*t + 1. Let w(y) = 3 + 0 + y - 2. Let v(n) = -c(n) + w(n). Determine v(s).
5
Let d be 21/2*(-12)/9. Let s(j) = -5110*j - 5159*j + 10270*j - 3. What is s(d)?
-17
Let x be 164/24 - (-4)/24. Let z(i) = -7 + 6 - 10 - 11 + i + x. Calculate z(11).
-4
Let h(t) = 2*t**2 + t + 1. Let l(w) = w**3 - 2*w**2 + w. Let n be l(0). Let v be n + -3 - ((-9)/1 - -7). Determine h(v).
2
Let r(i) = 7*i**2 + 29*i - 12. Let b(g) = 3*g**2 + 14*g - 6. Let z(u) = 9*b(u) - 4*r(u). Let q = 2278 + -2268. What is z(q)?
-6
Let x(i) = 4*i**2 + 6 - 2 + 1 - 2 + i**3. Suppose 4*u - 2*f = 2*f - 20, 2*u = -f - 7. What is x(u)?
3
Let b(j) = 5*j**2 - 6*j - 24. Let k(x) = x**2 - x - 6. Let a(g) = -b(g) + 4*k(g). Calculate a(4).
-8
Let f(b) = -2*b**3 - 4*b**2 - b + 2. Let h be f(-2). Suppose -z = h*z - 20. Let v(u) be the second derivative of u**3/6 - 3*u**2/2 - 191*u - 2. What is v(z)?
1
Let s(g) = 3*g - 4. Suppose 22 = 9*v + 4. Let i(u) = u**2 + 12*u - 26. Let b be i(v). Determine s(b).
2
Let t(x) = -2889*x - 11600*x**2 - 2 + 2892*x + 11608*x**2. Calculate t(-1).
3
Suppose -552 - 567 = 24*l - 1023. Let f(n) = n**2 + 13*n + 46. Give f(l).
10
Let l(z) = -z**3 + 6*z**2 - 3*z - 5. Let q(c) = 5*c + 19. Let d be q(-7). Let a be 4 + 5/7 + d/(-56). Suppose -a = -11*i + 10*i. Give l(i).
5
Let h(i) = 4*i - 5. Let j(l) = 7*l - 11. Let c(k) = 9*h(k) - 4*j(k). Suppose -155 = 5*t - 160. What is c(t)?
7
Let n(h) = 1 + h**3 + 27*h**2 - 7*h**3 + 4*h**3 - 35*h + 3*h**3 + 61*h. Give n(-26).
1
Let o(v) = -v - 16. Let x be o(-6). Let k(y) be the first derivative of -y**2 - 16*y - 6824. Calculate k(x).
4
Let p(a) = 3*a + 21. Suppose 53*g + 946 = -33*g. Give p(g).
-12
Let d = 4555 + -4546. Let l(x) = x**2 - 15*x + 49. What is l(d)?
-5
Let d(j) = -12*j**3 + 1. Suppose -76*w = -79*w - 9. Let g be 1 - ((-2)/(-4))/(w/(-12)). Calculate d(g).
13
Let p(a) = -19*a**3 + 6*a**2 + a - 10. Let v(d) = 24*d**3 - 7*d**2 - 2*d + 10. Let x(w) = 5*p(w) + 4*v(w). Calculate x(-3).
-10
Let z(r) = -9*r - 37. Let y = 38942 + -38937. Calculate z(y).
-82
Let v(r) be the first derivative of 7*r**6/360 - r**5/40 - r**4/12 - 30*r**3 - 61. Let t(g) be the third derivative of v(g). Determine t(-2).
32
Let t(s) = 11*s + 150. Let v be t(-14). Let m be ((-12)/16)/(v/16) - -2. Let a(b) = b**3 - 6*b**2 + 3*b + 4. Give a(m).
-6
Let f(g) = -3*g + 20. Let y be f(9). Suppose 20*t + 6 = 46. Let a(h) = -53 + 21 + h**t + 29 + 7*h. Determine a(y).
-3
Let h be ((-16)/4 + 7 + -3)/(-2). Suppose 3*m - 2*y + 7*y - 12 = h, -3*m = -2*y + 9. Let k(r) = 3*r**2 - r. What is k(m)?
4
Let f(x) = 114*x + x**3 - 7 - 17 - 101*x + 5 + 14*x**2. Determine f(-13).
-19
Let p(f) = -5*f**2 - 16*f - 4. Let v(x) = -4*x**2 + 2*x - 2. Let l(d) = -p(d) + v(d). Give l(4).
90
Let c(x) be the second derivative of -x**5/20 + x**4/12 - 2*x**3/3 - 3*x**2/2 - 112*x. Suppose 0 = 3*s - 18 + 24. Give c(s).
17
Suppose f = 6 - 0. Suppose f*y = 2*z + 2*y - 12, 6 = -z - y. Let a(m) = m - 6. Let x(i) = 2. Let t(l) = 3*a(l) + 8*x(l). What is t(z)?
-8
Let y(u) = -u**3 + 5*u**2 + 3*u - 10. Suppose 18*i + 280 = 352. What is y(i)?
18
Let z(o) = -3 + 2*o**2 + 49*o - 9*o + 0*o**3 + o**3 - 11*o - 32*o. Calculate z(-2).
3
Let b = -496 - -1189. Suppose 0 = -9*j + 2*j + b. Let q = j + -92. Let v(g) = -g**3 + 7*g**2 + g - 8. Calculate v(q).
-1
Suppose 0 = a - 10 + 3. Let o(u) = -2 + 5 - 399*u - 4 - 412*u + 812*u. Determine o(a).
6
Let k(y) = 3*y**2 - 5*y - 43. Let n be 68/(-68) + -2 + -2 + 1. Determine k(n).
25
Let r = 200 + -198. Suppose -10*o + 9 = -7*o. Let d(v) = v**2 + 0*v**2 + 0*v**2 + 2 - o*v. What is d(r)?
0
Let k(s) = s**2 - 3*s - 11. Let g be k(-4). Let a(t) = 9*t - g*t + 3 - 9 + 7*t. Let n(x) = x**3 - 9*x**2 + 10*x - 10. Let y be n(8). What is a(y)?
-12
Suppose 5*o - 24 = 3*x, 6*x - 9*x = 2*o + 3. Let a be 3*((-12)/16)/(x/12). Let r(c) = -c**2 + 9*c - 5. Determine r(a).
-5
Let q be ((395/474)/(5/4))/(1/(-3)). Let c(z) = 2*z**3 + 3*z**2 + 8*z - 1. Give c(q).
-21
Let v(b) = -2212*b**3 - 11 + 1119*b**3 + b + 5*b**2 + 1092*b**3. Determine v(2).
3
Let v(x) = -6*x**2 - x - 1. Suppose 0*m + 4*m - 4*l + 660 = 0, 3*m + 499 = 2*l. Let n = 168 + m. Calculate v(n).
-6
Let n(v) = -v**3 + 6*v**2 - 6*v + 3. Let m be 2*(-64)/(2 + -6). Suppose -3 - 1 = -q, -5*q = 3*c 